base 15
9
Convert -ae (base 15) to base 16.
-a4
14 (base 12) to base 10
16
10 (base 6) to base 11
6
20 (base 13) to base 2
11010
-3 (base 9) to base 16
-3
Convert 10000 (base 2) to base 8.
20
4 (base 12) to base 10
4
Convert -31 (base 4) to base 6.
-21
What is -a4 (base 14) in base 6?
-400
What is 15 (base 6) in base 5?
21
Convert -11101011 (base 2) to base 4.
-3223
54 (base 11) to base 5
214
What is 50 (base 6) in base 4?
132
3 (base 12) to base 7
3
2 (base 9) to base 6
2
What is 350 (base 7) in base 3?
20202
What is 250 (base 8) in base 13?
cc
Convert -9 (base 12) to base 8.
-11
Convert -22 (base 5) to base 9.
-13
Convert -2 (base 12) to base 13.
-2
121 (base 5) to base 12
30
Convert -12 (base 7) to base 10.
-9
Convert 2 (base 15) to base 9.
2
What is -1 (base 3) in base 15?
-1
Convert -15 (base 10) to base 5.
-30
Convert 1 (base 6) to base 5.
1
Convert -1 (base 9) to base 7.
-1
What is -225 (base 10) in base 3?
-22100
Convert -424 (base 5) to base 16.
-72
What is 4 (base 5) in base 13?
4
What is -2 (base 14) in base 6?
-2
What is 3 (base 13) in base 7?
3
What is 18 (base 16) in base 8?
30
Convert 3 (base 16) to base 5.
3
What is 102 (base 6) in base 16?
26
Convert 2 (base 13) to base 7.
2
What is 3 (base 15) in base 12?
3
-28 (base 11) to base 10
-30
Convert -1101 (base 3) to base 10.
-37
What is -199 (base 15) in base 10?
-369
What is 157 (base 10) in base 2?
10011101
Convert -10101 (base 3) to base 11.
-83
Convert -1b (base 13) to base 4.
-120
7 (base 9) to base 7
10
-10 (base 12) to base 9
-13
Convert -1 (base 3) to base 10.
-1
Convert 1 (base 3) to base 11.
1
Convert -634 (base 7) to base 3.
-102211
Convert 4 (base 16) to base 3.
11
123 (base 10) to base 8
173
11 (base 5) to base 6
10
2 (base 15) to base 11
2
What is 6 (base 9) in base 10?
6
Convert -131 (base 8) to base 3.
-10022
Convert 0 (base 12) to base 11.
0
What is 1130 (base 4) in base 2?
1011100
What is 8 (base 14) in base 15?
8
What is -5 (base 10) in base 5?
-10
-7 (base 9) to base 13
-7
-11110 (base 3) to base 9
-143
-11 (base 11) to base 4
-30
Convert 1 (base 16) to base 6.
1
4 (base 16) to base 4
10
Convert -3 (base 15) to base 3.
-10
Convert -2 (base 16) to base 12.
-2
Convert -120 (base 7) to base 3.
-2100
What is 21 (base 6) in base 2?
1101
-a (base 12) to base 15
-a
1 (base 14) to base 5
1
-322 (base 4) to base 14
-42
What is -123 (base 12) in base 14?
-c3
What is 36 (base 11) in base 12?
33
What is -233 (base 6) in base 14?
-69
Convert -1 (base 13) to base 8.
-1
Convert 465 (base 7) to base 2.
11110011
What is a4 (base 11) in base 7?
222
Convert 22 (base 3) to base 13.
8
What is 2101 (base 3) in base 11?
59
What is 21 (base 11) in base 10?
23
-1 (base 2) to base 15
-1
-22 (base 11) to base 8
-30
Convert 0 (base 13) to base 9.
0
1 (base 8) to base 13
1
Convert 6 (base 13) to base 2.
110
What is 2 (base 8) in base 7?
2
13 (base 14) to base 16
11
3 (base 12) to base 10
3
Convert -1 (base 16) to base 6.
-1
Convert -100000 (base 2) to base 9.
-35
-177 (base 11) to base 10
-205
5 (base 7) to base 12
5
What is ac (base 14) in base 10?
152
-1 (base 10) to base 9
-1
-11 (base 5) to base 6
-10
Convert 10201 (base 3) to base 9.
121
Convert -102 (base 3) to base 11.
-10
What is 1110110 (base 2) in base 13?
91
Convert 5a (base 16) to base 8.
132
Convert -9d (base 15) to base 16.
-94
What is -2 (base 9) in base 11?
-2
Convert -11100011 (base 2) to base 13.
-146
What is 11 (base 4) in base 15?
5
What is -5 (base 8) in base 5?
-10
-10 (base 4) to base 8
-4
1 (base 3) to base 5
1
Convert 10 (base 5) to base 15.
5
110 (base 2) to base 5
11
What is -18 (base 12) in base 10?
-20
-10210 (base 3) to base 4
-1212
74 (base 10) to base 14
54
11 (base 4) to base 3
12
Convert -26 (base 12) to base 4.
-132
Convert 7f (base 16) to base 6.
331
-37 (base 9) to base 11
-31
What is 1 (base 7) in base 9?
1
-10 (base 5) to base 15
-5
What is 6 (base 15) in base 13?
6
-6 (base 7) to base 15
-6
Convert 42 (base 9) to base 11.
35
Convert 1a (base 11) to base 6.
33
9 (base 15) to base 4
21
Convert 154 (base 6) to base 5.
240
-1 (base 4) to base 9
-1
Convert -3 (base 6) to base 10.
-3
What is 1 (base 8) in base 4?
1
a (base 15) to base 11
a
-1 (base 3) to base 5
-1
Convert -3 (base 9) to base 6.
-3
Convert -6 (base 10) to base 16.
-6
123 (base 4) to base 8
33
Convert 1 (base 11) to base 5.
1
24 (base 7) to base 6
30
Convert 23 (base 4) to base 2.
1011
Convert 101 (base 2) to base 3.
12
2021 (base 5) to base 13
171
What is 3 (base 8) in base 6?
3
What is -2b (base 13) in base 12?
-31
What is -2 (base 8) in base 13?
-2
-27 (base 9) to base 16
-19
132 (base 7) to base 6
200
Convert 10 (base 7) to base 14.
7
What is c (base 15) in base 16?
c
What is -13 (base 10) in base 2?
-1101
Convert 222 (base 6) to base 4.
1112
-5 (base 16) to base 12
-5
54 (base 12) to base 15
44
-1e (base 16) to base 15
-20
30 (base 4) to base 7
15
Convert 100 (base 2) to base 12.
4
What is 11011 (base 2) in base 5?
102
Convert -206 (base 10) to base 8.
-316
What is 302 (base 6) in base 11?
a0
Convert 111 (base 2) to base 10.
7
Convert 9 (base 10) to base 15.
9
103 (base 11) to base 13
97
What is -21 (base 4) in base 3?
-100
-240 (base 5) to base 13
-55
Convert -222 (base 3) to base 16.
-1a
-20 (base 3) to base 11
-6
Convert 19 (base 13) to base 10.
22
-10 (base 7) to base 8
-7
53 (base 6) to base 3
1020
a6 (base 15) to base 13
c0
What is 1011 (base 2) in base 10?
11
What is 7 (base 13) in base 16?
7
21 (base 4) to base 5
14
1 (base 5) to base 7
1
What is 15 (base 13) in base 12?
16
What is -10 (base 16) in base 11?
-15
What is 69 (base 12) in base 2?
1010001
Convert 10011 (base 2) to base 3.
201
-1 (base 5) to base 16
-1
Convert -2b (base 14) to base 9.
-43
Convert 5 (base 13) to base 2.
101
What is -171 (base 9) in base 6?
-401
Convert -8c (base 16) to base 9.
-165
-2 (base 6) to base 16
-2
What is -3 (base 14) in base 8?
-3
Convert 31 (base 5) to base 4.
100
-222 (base 7) to base 12
-96
What is 322 (base 4) in base 10?
58
Convert 4 (base 8) to base 15.
4
Convert 36 (base 8) to base 5.
110
What is -3 (base 10) in base 4?
-3
What is -46 (base 7) in base 12?
-2a
What is 0 (base 13) in base 10?
0
What is -3 (base 12) in base 8?
-3
1 (base 3) to base 13
1
Convert -4 (base 7) to base 13.
-4
3 (base 7) to base 12
3
What is 1 (base 13) in base 6?
1
Convert 111 (base 4) to base 9.
23
Convert -37 (base 10) to base 8.
-45
Convert -50 (base 8) to base 3.
-1111
What is 7 (base 13) in base 12?
7
4 (base 10) to base 5
4
What is a (base 14) in base 11?
a
What is -27 (base 10) in base 9?
-30
Convert 0 (base 6) to base 15.
0
What is 18 (base 11) in base 6?
31
Convert -4 (base 7) to base 2.
-100
What is 202 (base 7) in base 2?
1100100
What is -126 (base 8) in base 9?
-105
What is -17 (base 14) in base 7?
-30
Convert 10 (base 2) to base 3.
2
Convert -17 (base 9) to base 8.
-20
3 (base 4) to base 11
3
Convert 400 (base 5) to base 9.
121
What is -30 (base 5) in base 11?
-14
-2 (base 13) to base 7
-2
-1 (base 13) to base 6
-1
41 (base 14) to base 8
71
Convert 6 (base 12) to base 6.
10
Convert 26 (base 14) to base 6.
54
Convert -201 (base 3) to base 11.
-18
Convert -3 (base 12) to base 16.
-3
Convert b (base 12) to base 9.
12
-133 (base 9) to base 3
-11010
Convert 232 (base 5) to base 10.
67
Convert 39 (base 14) to base 4.
303
Convert -10 (base 6) to base 12.
-6
-32 (base 10) to base 9
-35
What is 0 (base 8) in base 12?
0
What is -30 (base 5) in base 4?
-33
425 (base 6) to base 14
b7
What is -1 (base 6) in base 7?
-1
What is 4 (base 10) in base 4?
10
Convert -3 (base 8) to base 4.
-3
Convert -7 (base 10) to base 9.
-7
Convert 101 (base 7) to base 10.
50
Convert 3 (base 12) to base 10.
3
1 (base 6) to base 5
1
Convert -1011 (base 2) to base 11.
-10
Convert 6b (base 14) to base 2.
1011111
-45 (base 15) to base 12
-55
23 (base 4) to base 8
13
-60 (base 7) to base 8
-52
What is 5 (base 11) in base 9?
5
-2 (base 16) to base 15
-2
Convert 1d (base 14) to base 3.
1000
Convert -2102 (base 3) to base 8.
-101
-8 (base 9) to base 6
-12
What is -13f (base 16) in base 15?
-164
Convert 24 (base 10) to base 7.
33
What is -65 (base 9) in base 6?
-135
What is -543 (base 8) in base 10?
-355
33 (base 4) to base 15
10
What is 3 (base 12) in base 10?
3
-1 (base 8) to base 1